3 + 14818*p**2 + 2022*p - 45442. Determine m(988).
6
Let f(w) = -49688*w + 5316618. Calculate f(107).
2
Let u(t) = -8*t**3 - 21*t**2 - 1376*t - 8251. Give u(-6).
977
Let d(p) = p**3 - 2*p**2 - 70*p + 169. Determine d(4).
-79
Let c(h) = -3553*h + 429. What is c(0)?
429
Let p(q) = 2*q**3 + 66*q**2 + 139*q + 430. Determine p(-31).
-35
Let p(w) = -73*w - 3359. Calculate p(-36).
-731
Let b(k) = 5*k**2 - 238*k - 57. What is b(46)?
-425
Let h(m) = m**2 - 158*m + 701. Calculate h(4).
85
Let d(n) = 21*n**2 - 2236*n + 19296. Calculate d(97).
-7
Let l(r) = -r**2 + 22*r + 1298. Calculate l(48).
50
Let v(o) = 25733*o - 51476. What is v(2)?
-10
Let q(r) = -1165*r + 43282. Calculate q(38).
-988
Let v(m) = -763*m**2 + 1506*m + 21. Determine v(2).
-19
Let p(r) = 2224*r**2 - 25*r - 23. Calculate p(-1).
2226
Let w(a) = -4099*a + 2955371. What is w(721)?
-8
Let c(f) = 235351*f - 24711843. Determine c(105).
12
Let g(d) = 37273*d - 633632. What is g(17)?
9
Let m(w) = -w**2 - 125*w + 19845. Determine m(93).
-429
Let v(z) = z**3 - 10*z**2 + 104*z - 1014. Calculate v(10).
26
Let u(g) = 5*g**3 - 7*g**2 + 488*g - 3310. What is u(7)?
1478
Let p(n) = n**2 + 58*n + 426. Calculate p(-52).
114
Let x(w) = -6*w**2 + 25*w - 150. Determine x(9).
-411
Let w(o) = -17*o**2 - 1042*o - 9403. Determine w(-11).
2
Let z(c) = c**3 + 8479*c**2 - 84869*c - 218. Give z(10).
-8
Let v(x) = -x**3 + 73*x**2 - 67*x + 10458. Determine v(74).
24
Let s(z) = -31210*z + 1872601. Calculate s(60).
1
Let u(k) = 947*k + 29344. Give u(-31).
-13
Let s(i) = 47343*i - 94678. Calculate s(2).
8
Let f(b) = -983*b + 26436. Calculate f(27).
-105
Let t(i) = 2*i**3 - 278*i**2 + 411*i - 57131. Give t(139).
-2
Let g(v) = -302079*v - 604158. Calculate g(-2).
0
Let q(f) = 470*f - 1396. Give q(3).
14
Let d(u) = -6183562*u + 18550696. Calculate d(3).
10
Let i(l) = -3739*l - 15036. Give i(-4).
-80
Let m(r) = -r**2 + 345*r - 10291. Calculate m(33).
5
Let l(c) = -14*c**2 + 494*c + 2031. Give l(39).
3
Let p(b) = b**2 + 1727*b + 179359. Give p(-111).
-17
Let l(o) = -2*o**3 + 4*o**2 + 581*o + 78. Give l(-16).
-2
Let r(c) = c**3 - 238*c**2 + 8427*c + 21145. Calculate r(194).
-1
Let t(y) = -3*y**2 + 971*y + 10924. Give t(-11).
-120
Let v(d) = 902049*d - 902049. Give v(1).
0
Let o(c) = 7*c**3 + 27*c**2 - 341*c - 161. Calculate o(-9).
-8
Let m(z) = 2*z**3 + 480*z**2 + 5*z + 1233. Calculate m(-240).
33
Let g(h) = -2*h**3 + 105*h**2 + 3574*h - 142. Calculate g(76).
10
Let n(p) = -93*p**2 + 31291*p - 14430. Give n(336).
18
Let l(r) = -r**3 - 512*r**2 + 88135*r + 4532. Determine l(-648).
-4
Let o(w) = w**3 - 22*w**2 - 115*w - 139. Determine o(0).
-139
Let x(f) = -5*f**2 - 14248*f - 1228472. Give x(-89).
-5
Let k(n) = -4*n**3 + 931*n**2 + 240*n - 1476. Calculate k(233).
155
Let k(s) = -90876*s - 1908378. Calculate k(-21).
18
Let n(i) = 7764*i + 124629. Determine n(-16).
405
Let o(n) = n**3 + 175*n**2 + 534*n + 3007. What is o(-172)?
-89
Let u(f) = f**3 - 16*f**2 - 24*f + 15. Calculate u(18).
231
Let y(i) = 23*i**2 - 547*i - 3774. Calculate y(-7).
1182
Let z(n) = -14*n**2 + 272*n - 1088. Give z(0).
-1088
Let v(q) = 7*q**2 + 350*q - 444. Determine v(-51).
-87
Let k(a) = 4*a**3 - 4*a**2 - 3*a + 48. Calculate k(5).
433
Let d(t) = 794*t + 27796. Calculate d(-35).
6
Let o(d) = -d**3 + 218*d**2 + 49*d - 103901. Give o(216).
-5
Let o(i) = 1042*i - 29223. Calculate o(28).
-47
Let a(w) = -4*w**2 + 475*w + 5079. What is a(-10)?
-71
Let o(a) = 722*a + 1645. Give o(-2).
201
Let t(o) = -2*o**3 + 81*o**2 - 31*o - 66. Determine t(40).
294
Let s(i) = -i**3 - 50*i**2 - 260*i - 8021. Determine s(-48).
-149
Let p(o) = 3934*o**3 - 135*o**2 + 150*o - 15. What is p(1)?
3934
Let l(h) = 2646*h - 13243. What is l(5)?
-13
Let q(f) = -f**3 - 38*f**2 + 715*f + 151. Give q(14).
-31
Let m(z) = -397*z - 4015. What is m(6)?
-6397
Let v(h) = -1639*h**3 + 25*h**2 + 26*h + 2. Give v(-1).
1640
Let h(o) = -o**2 - 29076*o + 481. Determine h(0).
481
Let w(o) = -274019*o - 2192148. Give w(-8).
4
Let v(w) = -w**3 - 14*w**2 - w - 476. Determine v(-16).
52
Let t(z) = 3148399*z + 59819584. Give t(-19).
3
Let m(t) = 4*t**3 + 81*t**2 + 417*t + 77. Calculate m(-10).
7
Let l(c) = c**3 + 51*c**2 - 838*c + 37. What is l(13)?
-41
Let k(h) = -14*h**3 - 18*h**2 + 39*h + 46. Determine k(-2).
8
Let j(m) = 2*m**2 + 2914*m + 529956. Calculate j(-213).
12
Let q(r) = -r**3 - 19*r**2 - 60*r - 244. Give q(-19).
896
Let q(s) = 8*s**2 - 375*s + 1630. Calculate q(42).
-8
Let r(g) = 2*g**3 + 288*g**2 - 308*g - 2638. Give r(-145).
-28
Let h(q) = q**2 + 85*q + 407. Give h(-5).
7
Let s(z) = 2*z**3 - 9*z**2 - 6086*z + 480. Give s(-53).
3
Let t(c) = -2*c**3 + 285*c**2 - 689*c - 302. What is t(140)?
1238
Let m(x) = -70*x**2 + 107*x + 454. Give m(-4).
-1094
Let v(h) = 2*h**3 - 411*h**2 + 631*h - 3904. What is v(204)?
-28
Let p(t) = -3*t**2 - 135*t - 1477. Give p(-16).
-85
Let s(w) = 6517*w - 65128. Determine s(10).
42
Let g(y) = -2*y**3 + 929*y**2 + 923*y - 2. Determine g(-1).
6
Let w(u) = u**3 + 59*u**2 + 324*u + 44. Give w(-6).
8
Let y(v) = 1811*v + 16332. Give y(-9).
33
Let a(w) = -w**3 - 60*w**2 - 877*w - 33129. Calculate a(-55).
-19
Let x(f) = 3*f**2 - 85*f - 7957. Determine x(69).
461
Let h(a) = 744*a - 56448. Calculate h(77).
840
Let h(c) = -c**2 + 1435*c + 264138. Determine h(-165).
138
Let y(l) = 80*l - 4902. Calculate y(60).
-102
Let m(y) = 5004*y - 30406. What is m(6)?
-382
Let z(u) = -u**3 - 26*u**2 - 88*u - 67. What is z(-22)?
-67
Let r(q) = q**2 - 483310*q + 1933221. Give r(4).
-3
Let j(w) = 8841*w - 79581. What is j(9)?
-12
Let l(v) = -644851*v + 43849874. Determine l(68).
6
Let r(p) = p**3 + 5*p**2 + 68*p + 397. Calculate r(-6).
-47
Let i(w) = w**3 - 17*w**2 - 118*w + 108. Give i(-5).
148
Let n(q) = -3014*q + 11564. Calculate n(4).
-492
Let p(j) = -894*j**2 + 238698*j - 7. What is p(267)?
-7
Let i(x) = -11618*x + 1080488. Calculate i(93).
14
Let s(y) = -31*y**2 + 15*y + 280. Calculate s(6).
-746
Let x(w) = -241*w**2 - 1949*w - 130. Determine x(-8).
38
Let z(i) = 2*i**3 + 4*i**2 - 35*i - 70. What is z(-7)?
-315
Let x(d) = 3*d**2 + 390*d + 291. What is x(-129)?
-96
Let f(h) = 4087*h + 392365. Give f(-96).
13
Let q(h) = -4572*h + 349. Calculate q(0).
349
Let v(p) = 931*p**2 + 6156*p + 35. What is v(-7)?
2562
Let z(s) = 7*s**2 + 276*s - 1775. Calculate z(-45).
-20
Let l(o) = -2*o**3 + 26*o**2 - 941*o + 10990. Determine l(12).
-14
Let r(u) = 210166*u - 1050734. Give r(5).
96
Let a(i) = i**3 + 41*i**2 + 536*i + 4812. Calculate a(-28).
-4
Let j(z) = -3*z**2 - 626*z - 17239. Give j(-33).
152
Let g(b) = 113*b**2 - 15595*b + 30741. Determine g(2).
3
Let k(n) = 2*n**2 - 478*n - 3430. Give k(-7).
14
Let x(r) = -1027*r - 31120. Give x(-26).
-4418
Let k(q) = 3*q**2 - 201*q + 3530. Calculate k(33).
164
Let m(c) = -324*c + 3759. Give m(12).
-129
Let x(g) = 12*g**3 - 575*g**2 + 517*g - 299. Determine x(47).
-299
Let z(p) = -2*p**2 - 256*p - 2253. Determine z(-11).
321
Let w(d) = -49*d**2 - 378*d + 3074. What is w(5)?
-41
Let f(g) = 453356*g - 13600674. Give f(30).
6
Let p(z) = -728*z + 8475. Give p(12).
-261
Let o(m) = -8*m**2 - 2762*m - 24875. Give o(-336).
-11
Let q(o) = 1044091*o - 8352707. What is q(8)?
21
Let u(w) = -410*w + 78476. What is u(192)?
-244
Let w(l) = 8129*l - 235897. Give w(29).
-156
Let s(o) = o**3 - 2*o**2 + 49*o + 262. What is s(-7)?
-522
Let f(g) = g**3 + 3*g**2 - 271*g - 83. What is f(-18)?
-65
Let w(u) = 341*u - 27344. What is w(80)?
-64
Let h(l) = l**3 + 81*l**2 + 263*l + 2860. Determine h(-78).
598
Let a(p) = 243*p + 58154. Determine a(-239).
77
Let f(s) = 177*s + 11656. Calculate f(-66).
-26
Let m(d) = 155*d**2 - 4476*d - 60. Calculate m(29).
491
Let q(h) = 7771*h - 7708. Calculate q(1).
63
Let t(o) = o**3 + 35*o**2 - 688*o - 24094. What is t(-35)?
-14
Let y(g) = 9330*g - 214625. Give y(23).
-35
Let g(q) = 2*q**3 + 8*q**2 - 182*q + 127. Give g(-11).
435
Let b(c) = 3*c**2 + 611*c + 4096. Calculate b(-7).
-34
Let t(a) = 2*a**3 + 168*a**2 + 170*a - 20. What is t(-83)?
-352
Let h(j) = j**3 - 27*j**2 + 74*j + 49. Calculate h(5).
-131
Let v(o) = -249*o**2 - 1059*o - 46. Give v(-4).
206
Let o(a) = 5*a**3 + 578*a**2 + 1145*a + 7. Determine o(-2).
-11
Let u(c) = 7219*c + 606400. What is u(-84)?
4
Let q(o) = -13363*o - 225216. Calculate q(-17).
1955
Let s(c) = -c**3 + 10*c**2 - 12465*c 